s the remainder when 4323 is divided by 10?
3
Calculate the remainder when 19147 is divided by 6377.
16
Calculate the remainder when 848 is divided by 437.
411
What is the remainder when 3145220 is divided by 12?
8
What is the remainder when 9287 is divided by 917?
117
Calculate the remainder when 14921 is divided by 2096.
249
What is the remainder when 63601 is divided by 98?
97
Calculate the remainder when 17796 is divided by 5872.
180
What is the remainder when 6737 is divided by 3355?
27
What is the remainder when 28799 is divided by 32?
31
What is the remainder when 75109 is divided by 4688?
101
Calculate the remainder when 80583 is divided by 91.
48
Calculate the remainder when 11814 is divided by 39.
36
What is the remainder when 43696 is divided by 21836?
24
What is the remainder when 7585 is divided by 27?
25
What is the remainder when 86520 is divided by 211?
10
Calculate the remainder when 1671645 is divided by 29.
27
Calculate the remainder when 4803 is divided by 320.
3
What is the remainder when 11887 is divided by 8?
7
What is the remainder when 392207 is divided by 6?
5
What is the remainder when 28694 is divided by 151?
4
What is the remainder when 1987 is divided by 20?
7
Calculate the remainder when 6034 is divided by 59.
16
Calculate the remainder when 82411 is divided by 136.
131
What is the remainder when 4434870 is divided by 125?
120
What is the remainder when 3634 is divided by 174?
154
Calculate the remainder when 188121 is divided by 188109.
12
Calculate the remainder when 1041 is divided by 387.
267
Calculate the remainder when 12359 is divided by 3087.
11
What is the remainder when 137683 is divided by 411?
409
Calculate the remainder when 48165 is divided by 860.
5
Calculate the remainder when 47467 is divided by 136.
3
Calculate the remainder when 46295 is divided by 261.
98
Calculate the remainder when 7200 is divided by 943.
599
Calculate the remainder when 55745 is divided by 70.
25
Calculate the remainder when 48301 is divided by 49.
36
Calculate the remainder when 13543 is divided by 1441.
574
What is the remainder when 54590 is divided by 64?
62
What is the remainder when 395104 is divided by 3406?
8
What is the remainder when 5989 is divided by 218?
103
Calculate the remainder when 1982835 is divided by 25.
10
Calculate the remainder when 281512 is divided by 93828.
28
Calculate the remainder when 1922 is divided by 1140.
782
What is the remainder when 5412 is divided by 5052?
360
Calculate the remainder when 10631 is divided by 301.
96
What is the remainder when 147238 is divided by 1518?
1510
What is the remainder when 14618 is divided by 48?
26
What is the remainder when 704438 is divided by 113?
109
Calculate the remainder when 616458 is divided by 108.
102
Calculate the remainder when 1257566 is divided by 267.
263
Calculate the remainder when 1686 is divided by 711.
264
Calculate the remainder when 374651 is divided by 36.
35
What is the remainder when 1434 is divided by 675?
84
Calculate the remainder when 3955 is divided by 1660.
635
What is the remainder when 11499243 is divided by 22?
19
What is the remainder when 68274 is divided by 149?
32
Calculate the remainder when 3561 is divided by 2236.
1325
Calculate the remainder when 4017 is divided by 2.
1
What is the remainder when 1386698 is divided by 100?
98
Calculate the remainder when 650093 is divided by 27087.
5
What is the remainder when 30262 is divided by 156?
154
What is the remainder when 269373 is divided by 183?
180
Calculate the remainder when 2727 is divided by 58.
1
Calculate the remainder when 991135 is divided by 20.
15
Calculate the remainder when 2061 is divided by 136.
21
Calculate the remainder when 237694 is divided by 18.
4
What is the remainder when 657718 is divided by 28?
26
What is the remainder when 28171 is divided by 48?
43
What is the remainder when 12991752 is divided by 15?
12
Calculate the remainder when 43395 is divided by 181.
136
What is the remainder when 1737 is divided by 65?
47
What is the remainder when 12641 is divided by 505?
16
What is the remainder when 1084 is divided by 1074?
10
What is the remainder when 28051 is divided by 1172?
1095
What is the remainder when 11398 is divided by 373?
208
What is the remainder when 564883 is divided by 150?
133
What is the remainder when 3494 is divided by 1728?
38
Calculate the remainder when 6067 is divided by 2929.
209
Calculate the remainder when 49037 is divided by 732.
725
What is the remainder when 86512 is divided by 55?
52
What is the remainder when 1552 is divided by 402?
346
Calculate the remainder when 3087 is divided by 240.
207
What is the remainder when 5471 is divided by 42?
11
What is the remainder when 65019 is divided by 253?
251
What is the remainder when 89250 is divided by 89211?
39
What is the remainder when 207723 is divided by 1187?
1185
Calculate the remainder when 642022 is divided by 723.
721
Calculate the remainder when 169619 is divided by 56491.
146
Calculate the remainder when 912 is divided by 40.
32
Calculate the remainder when 292402 is divided by 354.
352
What is the remainder when 1492 is divided by 1427?
65
Calculate the remainder when 15705 is divided by 5144.
273
Calculate the remainder when 938 is divided by 339.
260
What is the remainder when 25791 is divided by 2536?
431
What is the remainder when 15882 is divided by 5260?
102
What is the remainder when 1628 is divided by 531?
35
What is the remainder when 46609 is divided by 1283?
421
Calculate the remainder when 121631 is divided by 14.
13
Calculate the remainder when 67459 is divided by 67457.
2
What is the remainder when 13327 is divided by 132?
127
Calculate the remainder when 174809 is divided by 59.
51
Calculate the remainder when 8228 is divided by 686.
682
Calculate the remainder when 214321 is divided by 197.
182
What is the remainder when 1110 is divided by 63?
39
What is the remainder when 265616 is divided by 4?
0
What is the remainder when 2358948 is divided by 10?
8
What is the remainder when 132950 is divided by 92?
10
What is the remainder when 91133 is divided by 155?
148
What is the remainder when 4052 is divided by 1337?
41
What is the remainder when 3995 is divided by 23?
16
What is the remainder when 1233670 is divided by 62?
56
Calculate the remainder when 1395 is divided by 1281.
114
What is the remainder when 2237 is divided by 313?
46
Calculate the remainder when 50540 is divided by 50526.
14
What is the remainder when 1416820 is divided by 33?
31
Calculate the remainder when 60635 is divided by 30297.
41
Calculate the remainder when 10378 is divided by 25.
3
What is the remainder when 648 is divided by 85?
53
Calculate the remainder when 16230 is divided by 376.
62
Calculate the remainder when 19562 is divided by 154.
4
What is the remainder when 7874 is divided by 131?
14
What is the remainder when 2515 is divided by 117?
58
Calculate the remainder when 26410 is divided by 928.
426
What is the remainder when 24765 is divided by 4951?
10
What is the remainder when 3279 is divided by 333?
282
What is the remainder when 6597 is divided by 2194?
15
Calculate the remainder when 967 is divided by 321.
4
Calculate the remainder when 23339 is divided by 10745.
1849
What is the remainder when 363048 is divided by 30252?
24
Calculate the remainder when 162390 is divided by 627.
624
Calculate the remainder when 649730 is divided by 508.
506
What is the remainder when 3450 is divided by 387?
354
What is the remainder when 12747 is divided by 171?
93
What is the remainder when 614 is divided by 46?
16
Calculate the remainder when 21623 is divided by 503.
497
What is the remainder when 6228 is divided by 54?
18
What is the remainder when 1440 is divided by 142?
20
What is the remainder when 2039 is divided by 125?
39
What is the remainder when 7631 is divided by 3814?
3
Calculate the remainder when 5476 is divided by 29.
24
What is the remainder when 3577 is divided by 3562?
15
What is the remainder when 128252 is divided by 192?
188
What is the remainder when 971 is divided by 192?
11
Calculate the remainder when 25442 is divided by 463.
440
Calculate the remainder when 784574 is divided by 47.
3
Calculate the remainder when 2038 is divided by 256.
246
C